57751482.
2369
Calculate the highest common factor of 1483396 and 15164.
892
What is the highest common factor of 1086960 and 29715?
105
What is the highest common factor of 83394 and 86966043?
13899
What is the greatest common divisor of 327 and 113603397?
327
What is the highest common factor of 76 and 9255527?
19
Calculate the highest common divisor of 47815 and 1747985.
365
What is the highest common divisor of 84 and 13725628?
28
What is the greatest common divisor of 13 and 10568818?
13
Calculate the greatest common divisor of 389320998 and 14124.
7062
Calculate the greatest common divisor of 47722650 and 3905.
355
Calculate the highest common factor of 212020 and 785.
5
Calculate the highest common factor of 4430169 and 49320.
1233
Calculate the greatest common factor of 14 and 25797639.
7
What is the greatest common factor of 20 and 510239770?
10
What is the highest common divisor of 158903399 and 5132?
1283
Calculate the highest common divisor of 2580 and 9505.
5
What is the greatest common factor of 20 and 27589060?
20
Calculate the highest common divisor of 62540716 and 168.
28
Calculate the greatest common divisor of 1372 and 20270124.
196
Calculate the highest common divisor of 56 and 197662120.
8
What is the greatest common factor of 195761 and 841?
1
What is the greatest common divisor of 386150767 and 17?
17
What is the highest common factor of 65510 and 119378873?
6551
Calculate the highest common factor of 45163008 and 43776.
2304
Calculate the highest common divisor of 121408 and 96476.
1084
Calculate the highest common divisor of 3060240 and 512.
16
What is the greatest common divisor of 76734532 and 4508?
644
Calculate the greatest common factor of 45151543 and 19.
19
Calculate the highest common factor of 3104016 and 1104.
48
Calculate the greatest common divisor of 462836 and 4797292.
628
Calculate the highest common factor of 412460 and 23780.
820
Calculate the highest common factor of 311071 and 172942.
1123
What is the greatest common divisor of 54452 and 4?
4
What is the greatest common divisor of 486 and 1214163?
27
What is the greatest common divisor of 128837715 and 600?
15
Calculate the highest common factor of 208395 and 4689135.
495
What is the highest common divisor of 95704 and 5992?
56
What is the highest common divisor of 871085607 and 14?
7
Calculate the greatest common divisor of 1102920 and 101010.
2730
What is the greatest common factor of 17798280 and 7668?
852
Calculate the greatest common divisor of 90 and 60318310.
10
What is the greatest common divisor of 16 and 11197358?
2
What is the greatest common factor of 1 and 1843267?
1
Calculate the greatest common divisor of 9841608 and 126.
126
What is the highest common divisor of 462 and 19393584?
42
What is the greatest common divisor of 100567216 and 6768?
752
Calculate the highest common factor of 1176 and 721123592.
392
What is the greatest common factor of 141134 and 1204042?
238
What is the highest common factor of 958 and 8416988?
958
Calculate the highest common divisor of 877634 and 46.
46
What is the greatest common divisor of 24532 and 566?
2
Calculate the highest common divisor of 54782 and 485030.
182
What is the greatest common factor of 29993 and 42631?
89
Calculate the greatest common factor of 24013805 and 727888.
6499
Calculate the greatest common divisor of 48294 and 237186.
18
What is the highest common divisor of 14808490 and 21670?
1970
Calculate the highest common factor of 252222 and 21336.
762
What is the highest common factor of 48246202 and 54550?
2182
Calculate the greatest common factor of 653729947 and 13.
13
What is the greatest common divisor of 54608 and 8824?
8
What is the greatest common divisor of 14248782 and 3690?
18
Calculate the highest common factor of 3529006 and 26.
26
Calculate the highest common divisor of 4299 and 1738229.
1433
Calculate the greatest common divisor of 38576 and 127672.
8
Calculate the greatest common divisor of 349154 and 13858.
338
What is the greatest common divisor of 7071912 and 3456?
72
What is the highest common factor of 275951520 and 672?
96
What is the highest common factor of 836 and 2912052?
44
What is the highest common factor of 1376 and 4733096?
344
Calculate the greatest common divisor of 557779044 and 12.
12
Calculate the greatest common factor of 60455 and 66875.
535
Calculate the highest common factor of 119825914 and 130.
26
Calculate the highest common factor of 1710585 and 13230.
135
What is the highest common divisor of 75615 and 20445?
15
Calculate the highest common factor of 88361475 and 15.
15
What is the highest common divisor of 2556 and 1748588?
284
Calculate the highest common divisor of 25839 and 2479653.
891
Calculate the greatest common factor of 1978827 and 111.
3
Calculate the highest common factor of 326 and 165376.
2
What is the greatest common factor of 4069980 and 1647?
27
What is the highest common divisor of 42129 and 640089?
1359
Calculate the highest common divisor of 66 and 5027242.
22
Calculate the greatest common divisor of 3265 and 1307959.
653
What is the greatest common factor of 20545570 and 177?
59
What is the highest common factor of 644 and 4003244?
28
What is the highest common divisor of 15 and 44386995?
15
What is the highest common divisor of 884895188 and 27444?
9148
Calculate the greatest common divisor of 5556 and 4281924.
12
What is the greatest common divisor of 208802086 and 53?
53
What is the highest common divisor of 22 and 457314946?
22
Calculate the greatest common factor of 76294 and 2890958.
74
Calculate the highest common factor of 5742750 and 17550.
1950
What is the greatest common divisor of 1634905990 and 10?
10
What is the highest common divisor of 455797 and 1476?
41
Calculate the greatest common divisor of 3528 and 294483168.
504
Calculate the highest common divisor of 2418 and 182652.
186
What is the highest common factor of 27491 and 476263?
743
Calculate the greatest common factor of 1442157 and 95.
19
Calculate the highest common divisor of 91 and 503981569.
91
Calculate the greatest common divisor of 409050 and 10368.
162
Calculate the highest common divisor of 10 and 892974460.
10
What is the greatest common factor of 724150 and 15050?
350
What is the highest common factor of 2191 and 384951?
7
What is the highest common factor of 783692 and 8047?
13
Calculate the highest common factor of 581641424 and 10192.
1456
What is the highest common factor of 1009224 and 560466?
1926
What is the greatest common factor of 591735232 and 18348?
6116
What is the greatest common factor of 10824134 and 1732?
866
Calculate the highest common factor of 27889188 and 1064.
76
Calculate the highest common factor of 621 and 5427756.
27
Calculate the highest common divisor of 1475384 and 149902.
622
What is the highest common divisor of 496908 and 92622?
258
Calculate the greatest common divisor of 1327186 and 8554.
658
What is the greatest common factor of 18509776 and 62880?
2096
Calculate the highest common factor of 3531 and 2167.
11
What is the highest common factor of 1576 and 122032?
8
Calculate the greatest common divisor of 812 and 7503286.
406
What is the highest common divisor of 7070 and 7506310?
70
Calculate the greatest common divisor of 80410 and 71587.
17
What is the highest common divisor of 28 and 89123202?
14
What is the greatest common divisor of 7352487 and 8541?
657
What is the highest common divisor of 738185 and 3600765?
5635
Calculate the highest common factor of 168946909 and 571.
571
Calculate the highest common divisor of 18777 and 16795173.
1707
What is the greatest common divisor of 5086 and 102180283?
2543
What is the greatest common divisor of 13920 and 244905?
435
What is the highest common factor of 499116 and 366?
6
Calculate the highest common divisor of 7620001 and 35176.
4397
Calculate the greatest common divisor of 7774 and 5126953.
3887
What is the highest common divisor of 17520 and 32996?
292
Calculate the greatest common factor of 2824542 and 1206.
18
Calculate the greatest common divisor of 2 and 3584498.
2
Calculate the highest common factor of 80554437 and 258.
129
What is the greatest common factor of 21637144 and 2968?
424
Calculate the highest common factor of 8288658 and 154582